hat is the greatest common factor of 2042759 and 73?
73
What is the highest common factor of 114813 and 36?
9
Calculate the highest common divisor of 136416 and 2912.
224
Calculate the greatest common factor of 348 and 21228.
348
What is the highest common divisor of 4729574 and 61?
61
Calculate the greatest common divisor of 922707 and 153.
9
What is the greatest common divisor of 106248 and 2052?
228
Calculate the highest common factor of 36450 and 300.
150
Calculate the highest common divisor of 267316 and 84.
28
Calculate the highest common divisor of 1680 and 1998640.
560
What is the highest common factor of 13299 and 1116?
93
Calculate the highest common divisor of 111096 and 144.
72
What is the highest common factor of 200791 and 2388?
199
Calculate the highest common divisor of 189 and 183.
3
Calculate the greatest common divisor of 1575 and 2240.
35
What is the greatest common factor of 2013 and 35563?
671
What is the highest common divisor of 38483 and 638?
29
What is the greatest common divisor of 96 and 74838?
6
What is the greatest common divisor of 225108 and 780?
156
What is the highest common factor of 9220 and 25?
5
Calculate the highest common factor of 70 and 6470.
10
Calculate the highest common divisor of 12061300 and 25.
25
What is the greatest common factor of 3441984 and 84?
84
What is the highest common factor of 17343 and 697?
41
Calculate the greatest common factor of 26214 and 48.
6
Calculate the greatest common factor of 64640 and 20.
20
What is the highest common factor of 14 and 1704626?
14
What is the greatest common factor of 1344 and 34464?
96
Calculate the greatest common divisor of 62 and 71796.
62
What is the highest common factor of 875 and 616?
7
Calculate the greatest common divisor of 1040 and 49808.
16
Calculate the greatest common factor of 105992 and 160.
8
What is the highest common divisor of 44757 and 27?
9
What is the greatest common divisor of 297183 and 69?
69
What is the greatest common factor of 10984 and 200?
8
What is the highest common divisor of 6237 and 33627?
33
Calculate the highest common factor of 37047 and 5088.
159
What is the greatest common factor of 64 and 1357760?
64
What is the greatest common factor of 4220 and 663806?
422
Calculate the greatest common factor of 240 and 8002320.
240
What is the greatest common divisor of 2853 and 5?
1
What is the greatest common divisor of 9812626 and 1349?
1349
Calculate the greatest common divisor of 966 and 572628.
42
What is the greatest common divisor of 187652 and 17716?
172
What is the greatest common factor of 351 and 432?
27
Calculate the highest common factor of 238 and 2954.
14
Calculate the highest common divisor of 492363 and 681.
681
What is the greatest common divisor of 1403 and 2967?
23
What is the highest common factor of 80 and 1108160?
80
Calculate the greatest common divisor of 231523 and 34.
17
What is the highest common factor of 63085 and 62?
31
Calculate the highest common factor of 224 and 7628096.
224
What is the highest common divisor of 5 and 131?
1
What is the highest common factor of 4936 and 168?
8
Calculate the highest common factor of 236131 and 637.
49
What is the greatest common divisor of 247 and 173394?
247
What is the greatest common divisor of 18 and 10026?
18
What is the highest common divisor of 1230 and 32730?
30
What is the highest common divisor of 1065 and 2265?
15
What is the highest common divisor of 1867072 and 480?
32
Calculate the highest common factor of 1581 and 41259.
51
Calculate the greatest common factor of 117406 and 282.
94
Calculate the highest common factor of 13620 and 518695.
1135
Calculate the highest common factor of 14076 and 212.
4
What is the highest common factor of 2283720 and 120?
120
Calculate the highest common divisor of 81783 and 46833.
699
What is the highest common divisor of 407 and 17710?
11
Calculate the greatest common factor of 3069195 and 30.
15
Calculate the highest common factor of 26455 and 962.
481
What is the greatest common divisor of 256 and 52864?
128
Calculate the greatest common divisor of 166174 and 76.
38
What is the highest common factor of 10500 and 37380?
420
Calculate the highest common factor of 12708 and 2628.
36
What is the highest common factor of 1683 and 2591667?
153
Calculate the greatest common factor of 244 and 21228854.
122
Calculate the greatest common factor of 32916 and 156.
156
What is the highest common divisor of 57794 and 106634?
814
What is the highest common factor of 103725 and 225?
225
Calculate the greatest common factor of 840 and 267015.
105
What is the highest common factor of 2482 and 3281?
17
Calculate the highest common divisor of 13464 and 10880.
136
Calculate the greatest common factor of 12 and 1310496.
12
Calculate the greatest common factor of 453925 and 25.
25
What is the highest common divisor of 8064 and 203392?
896
Calculate the highest common factor of 191337 and 46.
23
Calculate the highest common divisor of 3425 and 175.
25
What is the greatest common divisor of 15585 and 1665?
15
Calculate the greatest common factor of 102 and 12206.
34
Calculate the highest common factor of 72316 and 57280.
716
Calculate the greatest common divisor of 240422 and 364.
182
What is the highest common divisor of 18 and 2286?
18
What is the highest common divisor of 12768 and 840?
168
Calculate the greatest common factor of 16 and 93136.
16
Calculate the greatest common factor of 1 and 116589.
1
What is the highest common divisor of 412 and 16424?
4
Calculate the highest common factor of 11 and 417637.
11
Calculate the highest common factor of 132 and 30140.
44
What is the highest common divisor of 104529 and 21?
3
Calculate the greatest common divisor of 324 and 1433052.
324
Calculate the highest common divisor of 9 and 211050.
9
What is the highest common divisor of 17836 and 84?
28
What is the greatest common divisor of 118473 and 505?
101
What is the greatest common divisor of 106068 and 60?
12
Calculate the highest common factor of 1035 and 1665.
45
What is the highest common factor of 15 and 464565?
15
Calculate the highest common divisor of 1380 and 9039.
69
What is the greatest common divisor of 119 and 56497?
7
What is the greatest common divisor of 142 and 2049060?
142
Calculate the highest common divisor of 3640 and 21960.
40
What is the greatest common divisor of 30695 and 14?
7
What is the highest common divisor of 1004865 and 620?
155
What is the greatest common factor of 24803 and 459?
17
Calculate the highest common factor of 168287 and 1624.
203
What is the greatest common divisor of 319 and 370997?
319
Calculate the greatest common factor of 22002 and 536154.
1158
What is the greatest common divisor of 1464851 and 327?
109
What is the greatest common factor of 24973 and 1326?
221
Calculate the greatest common factor of 672 and 5199.
3
Calculate the highest common divisor of 592 and 29489.
37
Calculate the highest common divisor of 136 and 280.
8
What is the highest common divisor of 140 and 249004?
28
Calculate the highest common divisor of 764 and 27.
1
What is the greatest common divisor of 183 and 43119?
3
Calculate the greatest common divisor of 15639 and 130.
13
What is the highest common divisor of 24176 and 232?
8
What is the highest common divisor of 1681805 and 25?
5
Calculate the highest common divisor of 11027 and 1.
1
Calculate the highest common factor of 122846 and 3346.
478
Calculate the greatest common divisor of 439 and 2607221.
439
Calculate the greatest common divisor of 5235 and 115.
5
What is the greatest common divisor of 378 and 448?
14
Calculate the greatest common divisor of 126045 and 30.
15
Calculate the highest common divisor of 27 and 2889.
27
Calculate the highest common factor of 1050 and 700.
350
What is the highest common factor of 168460 and 15?
5
Calculate the greatest common divisor of 16514 and 46.
46
Calculate the highest common divisor of 824 and 8446.
206
Calculate the highest common divisor of 33215 and 455.
455
What is the highest common factor of 819 and 67509?
117
What is the highest common factor of 18 and 11334?
6
What is the highest common factor of 26 and 573521?
13
Calculate the greatest common factor of 2202431 and 22.
11
What is the greatest common fact